{"id":250,"date":"2021-05-05T11:02:54","date_gmt":"2021-05-05T10:02:54","guid":{"rendered":"https:\/\/clubatletismolanucia.es\/?page_id=250"},"modified":"2021-05-05T11:02:54","modified_gmt":"2021-05-05T10:02:54","slug":"aviso-legal","status":"publish","type":"page","link":"https:\/\/clubatletismolanucia.es\/?page_id=250","title":{"rendered":"Aviso Legal"},"content":{"rendered":"<p><strong>TITULARIDAD DE LA P\u00c1GINA WEB<\/strong><\/p>\n<ul>\n<li>Denominaci\u00f3n social: CLUB ATLETISMO LA NUC\u00cdA &#8211; C.A.B.<\/li>\n<li>Domicilio f\u00edsico: PARTIDA LA MUIXARA, S\/N, 035030, LA NUC\u00cdA, ALICANTE.<\/li>\n<li>Email de contacto: <a href=\"mailto:info@clubatletismolanucia.es\">info@clubatletismolanucia.es<\/a><\/li>\n<li>N\u00famero de identificaci\u00f3n fiscal (CIF) G54544077<\/li>\n<\/ul>\n<p><strong>CONDICIONES GENERALES DE UTILIZACI\u00d3N Y ACEPTACI\u00d3N DE LAS MISMAS<\/strong><\/p>\n<p>Las presentes condiciones generales de utilizaci\u00f3n de la p\u00e1gina web junto con las condiciones particulares que puedan establecerse, tienen por finalidad la regulaci\u00f3n e informaci\u00f3n a los usuarios de los servicios que presta CLUB ATLETISMO LA NUC\u00cdA &#8211; C.A.B. y la regulaci\u00f3n del uso de la p\u00e1gina web.<\/p>\n<p>La navegaci\u00f3n y la utilizaci\u00f3n de los servicios de la p\u00e1gina web suponen la aceptaci\u00f3n como Usuario y sin reservas de ning\u00fan tipo, de todas las condiciones generales de utilizaci\u00f3n, de las condiciones generales de contrataci\u00f3n si las hubiera y cualesquiera otras que puedan existir en relaci\u00f3n con la prestaci\u00f3n de servicios de CLUB ATLETISMO LA NUC\u00cdA &#8211; C.A.B.<\/p>\n<p>CLUB ATLETISMO LA NUC\u00cdA &#8211; C.A.B. podr\u00e1 en todo momento y sin previo aviso, modificar las presentes condiciones generales y las condiciones particulares que se incluyan mediante la publicaci\u00f3n de las citadas modificaciones en la p\u00e1gina web a fin de que sean conocidas con car\u00e1cter previo por los usuarios. Cualquier cambio que se produzca en \u00e9stas ser\u00e1 comunicado en la p\u00e1gina principal de la web durante un plazo que se entienda razonable.<\/p>\n<p><strong>CONDICIONES GENERALES DE UTILIZACI\u00d3N DE LA P\u00c1GINA WEB<\/strong><\/p>\n<p><strong>1.- Pol\u00edtica de Protecci\u00f3n de Datos de Car\u00e1cter Personal<\/strong><\/p>\n<p><strong>1.1.- Informaci\u00f3n y finalidad<\/strong><\/p>\n<p>Env\u00edo de formularios que contengan datos personales. La respuesta total o parcial a los formularios de esta web es totalmente voluntaria y la no respuesta no tiene consecuencias. En cumplimiento de lo dispuesto en la Ley Org\u00e1nica 15\/1999 de Protecci\u00f3n de Datos de Car\u00e1cter Personal, los datos facilitados por usted ser\u00e1n incorporados a un fichero propiedad de CLUB ATLETISMO LA NUC\u00cdA &#8211; C.A.B. debidamente comunicado al Registro de la Agencia Espa\u00f1ola de Protecci\u00f3n de Datos, cuya finalidad ser\u00e1 en cada caso la especificada en el propio formulario. En los formularios de esta web, se podr\u00e1n ceder los datos facilitados por los usuarios, respetando la finalidad para los que han sido cedidos, la voluntad de los usuarios, y en estricto cumplimiento de la LOPD y su normativa de desarrollo habi\u00e9ndose adoptado todas las medidas de seguridad necesarias y exigidas por el RD 1720\/2007 para garantizar la confidencialidad y seguridad de los datos suministrados.<\/p>\n<p>Usted tiene, en todo caso, el derecho de acceso, rectificaci\u00f3n, cancelaci\u00f3n y oposici\u00f3n al tratamiento de sus datos, que puede ejercitar mediante solicitud dirigida a CLUB ATLETISMO LA NUC\u00cdA &#8211; C.A.B. indicando la referencia \u201cProtecci\u00f3n de Datos\u201d al email info@clubatletismolanucia.com<\/p>\n<p>1.2.- Consentimiento del Usuario y env\u00edo de comunicaciones comerciales por v\u00eda electr\u00f3nica (art. 22 Ley 34\/2002 de Servicios de la Sociedad de la Informaci\u00f3n y de Comercio Electr\u00f3nico):<\/p>\n<p>CLUB ATLETISMO LA NUC\u00cdA &#8211; C.A.B. podr\u00e1 enviar comunicaciones comerciales por cualquier medio con pleno respeto a la legislaci\u00f3n que en materia de protecci\u00f3n de datos personales se encuentre vigente.<\/p>\n<p>Para las comunicaciones comerciales realizadas a trav\u00e9s del correo electr\u00f3nico y medios equivalentes en cumplimiento de lo dispuesto en la Ley 34\/2002, de 11 de julio, de Servicios de la Sociedad de la Informaci\u00f3n y de Comercio Electr\u00f3nico, ser\u00e1 debidamente recabado el consentimiento del Usuario en el momento de recoger los datos correspondientes.<\/p>\n<p>Si usted deseara oponerse al env\u00edo de comunicaciones por v\u00eda electr\u00f3nica, podr\u00e1 ejercer su derecho de oposici\u00f3n en el momento de la recogida de sus datos a trav\u00e9s de la casilla habilitada en el propio formulario.<\/p>\n<p>Asimismo, si usted desease revocar en cualquier momento dicho consentimiento para la recepci\u00f3n mediante correo electr\u00f3nico de informaciones publicitarias o promocionales, ser\u00e1 suficiente a tales efectos con que lo notifique a CLUB ATLETISMO LA NUC\u00cdA &#8211; C.A.B. mediante el env\u00edo de un mensaje a la direcci\u00f3n de correo electr\u00f3nico que se indica a continuaci\u00f3n: info@clubatletismolanucia.com indicando claramente que NO DESEA RECIBIR COMUNICACIONES COMERCIALES POR CORREO ELECTR\u00d3NICO.<\/p>\n<p><strong>1.3.- Medidas de seguridad:<\/strong><\/p>\n<p>CLUB ATLETISMO LA NUC\u00cdA &#8211; C.A.B. declara haber adoptado todas las medidas de seguridad necesarias y adecuadas a lo establecido en el Real Decreto 1720\/2007, de 21 de diciembre, por el que se aprueba el Reglamento de desarrollo de la Ley Org\u00e1nica 15\/1999, de 13 de diciembre, de protecci\u00f3n de datos de car\u00e1cter personal y ha establecido todos los medios t\u00e9cnicos a su alcance con la intenci\u00f3n de evitar la p\u00e9rdida, mal uso, alteraci\u00f3n, acceso no autorizado o robo de los datos que Vd. facilite a CLUB ATLETISMO LA NUC\u00cdA &#8211; C.A.B. sin perjuicio de lo dispuesto en el apartado \u201cResponsabilidad de CLUB ATLETISMO LA NUC\u00cdA &#8211; C.A.B. \u201d.<\/p>\n","protected":false},"excerpt":{"rendered":"<p>TITULARIDAD DE LA P\u00c1GINA WEB Denominaci\u00f3n social: CLUB ATLETISMO LA NUC\u00cdA &#8211; C.A.B. Domicilio f\u00edsico: PARTIDA LA MUIXARA, S\/N, 035030, [&hellip;]<\/p>\n","protected":false},"author":1,"featured_media":0,"parent":0,"menu_order":0,"comment_status":"closed","ping_status":"closed","template":"","meta":{"site-sidebar-layout":"default","site-content-layout":"","ast-site-content-layout":"default","site-content-style":"default","site-sidebar-style":"default","ast-global-header-display":"","ast-banner-title-visibility":"","ast-main-header-display":"","ast-hfb-above-header-display":"","ast-hfb-below-header-display":"","ast-hfb-mobile-header-display":"","site-post-title":"","ast-breadcrumbs-content":"","ast-featured-img":"","footer-sml-layout":"","ast-disable-related-posts":"","theme-transparent-header-meta":"","adv-header-id-meta":"","stick-header-meta":"","header-above-stick-meta":"","header-main-stick-meta":"","header-below-stick-meta":"","astra-migrate-meta-layouts":"default","ast-page-background-enabled":"default","ast-page-background-meta":{"desktop":{"background-color":"var(--ast-global-color-5)","background-image":"","background-repeat":"repeat","background-position":"center center","background-size":"auto","background-attachment":"scroll","background-type":"","background-media":"","overlay-type":"","overlay-color":"","overlay-opacity":"","overlay-gradient":""},"tablet":{"background-color":"","background-image":"","background-repeat":"repeat","background-position":"center center","background-size":"auto","background-attachment":"scroll","background-type":"","background-media":"","overlay-type":"","overlay-color":"","overlay-opacity":"","overlay-gradient":""},"mobile":{"background-color":"","background-image":"","background-repeat":"repeat","background-position":"center center","background-size":"auto","background-attachment":"scroll","background-type":"","background-media":"","overlay-type":"","overlay-color":"","overlay-opacity":"","overlay-gradient":""}},"ast-content-background-meta":{"desktop":{"background-color":"var(--ast-global-color-4)","background-image":"","background-repeat":"repeat","background-position":"center center","background-size":"auto","background-attachment":"scroll","background-type":"","background-media":"","overlay-type":"","overlay-color":"","overlay-opacity":"","overlay-gradient":""},"tablet":{"background-color":"var(--ast-global-color-4)","background-image":"","background-repeat":"repeat","background-position":"center center","background-size":"auto","background-attachment":"scroll","background-type":"","background-media":"","overlay-type":"","overlay-color":"","overlay-opacity":"","overlay-gradient":""},"mobile":{"background-color":"var(--ast-global-color-4)","background-image":"","background-repeat":"repeat","background-position":"center center","background-size":"auto","background-attachment":"scroll","background-type":"","background-media":"","overlay-type":"","overlay-color":"","overlay-opacity":"","overlay-gradient":""}},"footnotes":""},"class_list":["post-250","page","type-page","status-publish","hentry"],"_links":{"self":[{"href":"https:\/\/clubatletismolanucia.es\/index.php?rest_route=\/wp\/v2\/pages\/250","targetHints":{"allow":["GET"]}}],"collection":[{"href":"https:\/\/clubatletismolanucia.es\/index.php?rest_route=\/wp\/v2\/pages"}],"about":[{"href":"https:\/\/clubatletismolanucia.es\/index.php?rest_route=\/wp\/v2\/types\/page"}],"author":[{"embeddable":true,"href":"https:\/\/clubatletismolanucia.es\/index.php?rest_route=\/wp\/v2\/users\/1"}],"replies":[{"embeddable":true,"href":"https:\/\/clubatletismolanucia.es\/index.php?rest_route=%2Fwp%2Fv2%2Fcomments&post=250"}],"version-history":[{"count":1,"href":"https:\/\/clubatletismolanucia.es\/index.php?rest_route=\/wp\/v2\/pages\/250\/revisions"}],"predecessor-version":[{"id":251,"href":"https:\/\/clubatletismolanucia.es\/index.php?rest_route=\/wp\/v2\/pages\/250\/revisions\/251"}],"wp:attachment":[{"href":"https:\/\/clubatletismolanucia.es\/index.php?rest_route=%2Fwp%2Fv2%2Fmedia&parent=250"}],"curies":[{"name":"wp","href":"https:\/\/api.w.org\/{rel}","templated":true}]}}